 is 50242 (base 11) in base 14?
1cad7
31c (base 15) to base 9
860
-30102 (base 4) to base 12
-556
Convert -2c09 (base 14) to base 16.
-1ea9
156b (base 12) to base 11
19a1
Convert 10897 (base 13) to base 14.
ad37
What is 1986 (base 11) in base 16?
9d2
What is -11011100001 (base 2) in base 10?
-1761
What is -44421 (base 5) in base 7?
-12033
What is -101010111000010 (base 2) in base 15?
-6789
333223 (base 4) to base 12
2437
Convert -232 (base 13) to base 9.
-461
What is -c9f (base 16) in base 10?
-3231
What is -bdf (base 16) in base 4?
-233133
What is -2313033 (base 5) in base 4?
-22022223
What is 2345 (base 6) in base 7?
1442
Convert 23214 (base 5) to base 12.
b84
3 (base 13) to base 8
3
2112010000 (base 3) to base 12
24899
-68785 (base 9) to base 14
-129c6
Convert 562 (base 12) to base 5.
11134
What is -450 (base 6) in base 12?
-126
Convert -10101111 (base 2) to base 11.
-14a
1821 (base 13) to base 4
313320
Convert 4705 (base 9) to base 7.
13112
What is -3653 (base 7) in base 5?
-20421
What is 613 (base 7) in base 10?
304
-6030 (base 7) to base 13
-c3c
-7827 (base 9) to base 8
-13220
What is -ac (base 13) in base 7?
-262
2302323 (base 4) to base 14
425d
b5 (base 16) to base 12
131
Convert -945c (base 13) to base 11.
-14470
Convert -1001111100010110 (base 2) to base 8.
-117426
-32254 (base 6) to base 7
-15622
2123002 (base 4) to base 14
388a
-112323 (base 4) to base 2
-10110111011
8ab (base 14) to base 11
1323
Convert 33423 (base 5) to base 14.
c0b
Convert 23 (base 12) to base 8.
33
124030 (base 5) to base 3
20201010
Convert -3068 (base 9) to base 6.
-14225
-64252 (base 7) to base 8
-37051
-1282 (base 9) to base 5
-12330
Convert -9ec (base 16) to base 12.
-1578
Convert -301001 (base 4) to base 7.
-12101
What is 4430 (base 5) in base 15?
2b0
69ab (base 15) to base 10
22436
2cc (base 13) to base 15
23b
Convert 2102 (base 7) to base 8.
1341
What is -22459 (base 11) in base 15?
-9962
Convert 1345 (base 8) to base 13.
450
251414 (base 6) to base 3
1010201201
What is 124412 (base 8) in base 7?
240110
1211012021 (base 3) to base 2
1000110000010111
What is -20220302 (base 4) in base 12?
-18582
Convert -3155 (base 6) to base 2.
-1011001111
What is 3020 (base 5) in base 6?
1441
Convert -20023 (base 5) to base 3.
-1201210
What is -6411 (base 8) in base 15?
-ec7
What is -10366 (base 8) in base 13?
-1c90
What is -221120 (base 3) in base 14?
-374
Convert -12aa (base 14) to base 5.
-101121
What is 10203 (base 4) in base 16?
123
What is -33222200 (base 4) in base 14?
-1954c
3205 (base 8) to base 7
4603
Convert 3bb (base 15) to base 12.
5ab
What is 2c5 (base 13) in base 4?
13303
Convert -11744 (base 15) to base 6.
-1105331
53210 (base 6) to base 13
3384
-28 (base 11) to base 2
-11110
Convert 110000101110 (base 2) to base 3.
11021111
-288b (base 12) to base 9
-6418
What is -120101 (base 6) in base 12?
-6031
Convert -20230 (base 4) to base 12.
-3a4
What is -20501 (base 10) in base 8?
-50025
Convert -2517 (base 8) to base 2.
-10101001111
What is -31438 (base 10) in base 11?
-21690
What is 6a19 (base 16) in base 9?
41228
Convert -790 (base 13) to base 11.
-a82
What is -338 (base 11) in base 4?
-12110
Convert -1632 (base 8) to base 11.
-769
What is -745 (base 9) in base 14?
-316
44 (base 14) to base 6
140
-57c (base 13) to base 5
-12243
313 (base 5) to base 2
1010011
What is 112102020 (base 3) in base 14?
3b89
1111110 (base 2) to base 6
330
What is 1022220122 (base 3) in base 11?
18740
Convert -66 (base 12) to base 15.
-53
What is -1362 (base 7) in base 9?
-653
What is 39350 (base 11) in base 14?
1674c
Convert -138 (base 10) to base 7.
-255
11456 (base 8) to base 11
3764
What is 9b9 (base 14) in base 2?
11110000111
304b (base 14) to base 5
231144
What is -1a409 (base 13) in base 16?
-c810
What is 8417 (base 9) in base 7?
23665
Convert 513 (base 16) to base 15.
5b9
1d5c (base 16) to base 8
16534
-2282 (base 16) to base 2
-10001010000010
What is 103031 (base 4) in base 12?
865
352004 (base 6) to base 14
b044
What is 100100000101111 (base 2) in base 3?
221100102
What is -5295 (base 11) in base 7?
-26261
-218 (base 9) to base 6
-455
Convert 37383 (base 10) to base 7.
213663
Convert 22231 (base 4) to base 3.
221101
-1812 (base 11) to base 12
-1408
What is -1011010101001 (base 2) in base 7?
-22625
-a0b (base 15) to base 7
-6410
What is -1271 (base 11) in base 10?
-1651
Convert -17874 (base 9) to base 11.
-9334
What is 180 (base 14) in base 13?
1a9
2578 (base 9) to base 2
11110001110
897a (base 11) to base 7
46321
-22631 (base 7) to base 11
-43a7
3967 (base 11) to base 7
21013
Convert 3141004 (base 5) to base 16.
cd95
1110 (base 6) to base 5
2013
-211123 (base 4) to base 8
-4533
-101111122 (base 3) to base 13
-3641
What is -10406 (base 9) in base 4?
-1223223
380 (base 16) to base 12
628
What is 2a1 (base 13) in base 3?
122101
What is 425343 (base 7) in base 8?
220303
What is 1011110000111111 (base 2) in base 12?
23a7b
-321044 (base 5) to base 9
-15701
224 (base 16) to base 14
2b2
Convert 101000011111001 (base 2) to base 16.
50f9
Convert 194c (base 14) to base 2.
1000111100000
2763 (base 8) to base 15
6b8
Convert -1312 (base 7) to base 2.
-111110011
-23132 (base 7) to base 2
-1011100001111
621 (base 10) to base 9
760
Convert 22120 (base 3) to base 11.
1a0
Convert 485 (base 15) to base 16.
401
Convert 1010211020 (base 3) to base 5.
1204340
What is 3 (base 6) in base 13?
3
What is -10b94 (base 16) in base 15?
-1546a
10222211 (base 3) to base 7
11326
12322 (base 7) to base 11
2495
Convert -12022233 (base 4) to base 5.
-1302023
4434 (base 11) to base 15
1aea
-2143 (base 5) to base 15
-14d
What is -5441 (base 9) in base 2?
-111110100110
-1022 (base 7) to base 10
-359
What is -1256 (base 8) in base 15?
-30b
-1310 (base 7) to base 14
-277
-134043 (base 6) to base 8
-30413
-5679 (base 11) to base 9
-11216
Convert 7064 (base 16) to base 6.
341112
Convert -bb2 (base 13) to base 5.
-31004
Convert -1511 (base 6) to base 9.
-487
-5062 (base 11) to base 8
-15103
-e45 (base 16) to base 3
-12000022
Convert -1043421 (base 6) to base 16.
-cda5
164 (base 8) to base 15
7b
What is 11503 (base 12) in base 9?
34723
2696 (base 11) to base 13
1789
Convert 669a (base 16) to base 4.
12122122
-486 (base 9) to base 8
-622
What is -13c (base 14) in base 5?
-2000
What is -56a (base 13) in base 11?
-779
Convert 201200 (base 3) to base 7.
1356
Convert -10324 (base 12) to base 8.
-51314
-1132201 (base 4) to base 13
-29a4
Convert 1ee9 (base 15) to base 6.
51120
-3477 (base 8) to base 12
-10a7
What is -28a40 (base 11) in base 13?
-15990
14633 (base 10) to base 13
6878
-112331 (base 4) to base 8
-2675
-100225 (base 9) to base 16
-e762
4b7 (base 15) to base 13
646
Convert -1170 (base 15) to base 8.
-7171
What is 121 (base 16) in base 3?
101201
Convert 547 (base 14) to base 13.
623
24241 (base 6) to base 16
de1
What is 3b0 (base 14) in base 6?
3234
What is 1100000001011 (base 2) in base 3?
22102222
What is 35116 (base 8) in base 7?
61342
What is -2c9 (base 15) in base 12?
-453
Convert -b46 (base 16) to base 6.
-21210
cc4 (base 15) to base 13
140b
What is -104334 (base 7) in base 11?
-12873
Convert -2abb (base 15) to base 2.
-10001111011000
What is 1452 (base 15) in base 2?
1000100000000
Convert -4442 (base 5) to base 3.
-212001
-12253 (base 7) to base 16
-c97
What is -1c0 (base 16) in base 7?
-1210
Convert 2221102 (base 3) to base 8.
4140
282 (base 9) to base 11
1a5
What is 1021210201 (base 3) in base 14?
9364
-2456 (base 8) to base 4
-110232
Convert 562 (base 10) to base 3.
202211
What is 133284 (base 9) in base 14?
2180d
Convert 1031110 (base 4) to base 5.
124243
89 (base 12) to base 15
70
Convert -556 (base 12) to base 6.
-3350
What is 2646 (base 10) in base 7?
10500
217c2 (base 13) to base 9
102180
220022 (base 3) to base 2
1010010000
What is 2a2a (base 11) in base 7?
14245
3120 (base 4) to base 12
160
What is -128 (base 9) in base 12?
-8b
What is -1032333 (base 6) in base 8?
-143641
2031 (base 7) to base 5
10313
11010100100 (base 2) to base 10
1700
-450 (base 7) to base 4
-3213
Convert 26 (base 11) to base 14.
20
What is -2030 (base 5) in base 15?
-12a
What is 24000 (base 5) in base 3?
2101211
Convert 1963 (base 12) to base 2.
110000011011
What is 10011010011001 (base 2) in base 7?
40544
110 (base 14) t